 - 11. Let s(r) = 2*a(r) - 7*v(r). Suppose 0*x - 4*x = -12. Suppose w = 2*c - 1, -1 = -2*w + 5*c - x. Calculate s(w).
0
Let r be -4 + (-357)/(-35) + (-1)/5. Let z(o) = 7*o + 5. Let w(h) = -6*h - 4. Let b(k) = r*w(k) + 5*z(k). Let f = 3 + -2. Give b(f).
0
Let i = -14 + 49. Suppose i = 24*q - 31*q. Let x(k) = -k**3 - 6*k**2 - 5*k + 3. Determine x(q).
3
Let u(z) = -5*z + 0 + 3 - 2*z**2 + z**2. Let q(y) = -y**3 + 9*y**2 - 9*y + 2. Let a be q(8). What is u(a)?
-3
Let k(b) = -b + 1. Suppose 5*u - 4*i - 30 = 0, 0*u - 6 = -u - 3*i. Suppose 5*z - 9 = -2*t + t, 0 = 5*t - z - 19. Let a be 18/t - 3/u. What is k(a)?
-3
Suppose 4*u = -2*l + 14, -l - 2*l + 11 = u. Let n be (u - (-20)/(-6))/(9/54). Let r(q) = q**3 + 9*q**2 + 10*q + 8. Give r(n).
-8
Suppose -8 = -j + 7. Let m = 21 - j. Let b(w) = w - 9. Calculate b(m).
-3
Suppose 0*y - 30 = -5*y. Let c(g) = -33*g + 27. Let t(b) = -61*b + 51. Let a(l) = -11*c(l) + 6*t(l). Give a(y).
-9
Let t(w) = 7*w**3 + 12*w**2 - 13*w + 5. Let k(u) = -10*u**3 - 18*u**2 + 19*u - 8. Let c(o) = -5*k(o) - 7*t(o). What is c(-6)?
29
Let i(n) = n**3 - 12*n**2 + 9*n + 15. Let w(d) = 11*d**3 - d**2 - 16*d + 17. Let l be w(1). Calculate i(l).
-7
Let w be (-32)/(-10) - (-4 - (-42)/10). Let t(l) = 103*l**2 - w*l - 48*l**2 - 54*l**2 - 1. Calculate t(3).
-1
Let b(l) = l**2 - 4*l - 6. Let w(t) be the second derivative of -t**4/4 - t**3 - 5*t**2/2 - 2*t. Let r be w(-4). Let o = -23 - r. Calculate b(o).
6
Let a(c) = -c**3 - 3*c**2 + 6*c + 2. Suppose -5*m + 9*m - 16 = 0. Suppose -m*t = -7*t - 12. What is a(t)?
-6
Let a = -65 + 67. Let r(d) = -6*d**a - 2*d**2 + 7*d**2 + 8*d - 12. What is r(8)?
-12
Let p(h) = 6 - 2*h + 2*h + 21 + 2*h. Calculate p(-14).
-1
Suppose -4*q - 5 = 3. Let d(k) = 34*k - 37*k + 430 - 431. What is d(q)?
5
Let o(p) = -11*p**2 - p + 1. Let w = 42 + -41. What is o(w)?
-11
Let t(j) be the first derivative of 1/2*j**2 - 9 - 8*j. Give t(4).
-4
Let i(j) = 181*j**3 - 25*j**2 + 45*j + 13. Let b(u) = -30*u**3 + 4*u**2 - 7*u - 2. Let m(w) = 13*b(w) + 2*i(w). What is m(1)?
-27
Let h be (-7)/(1 + (2 - 2)). Let i be 2*-4*(-12)/32. Let n(z) = z**i - 5 + 8*z**2 + 9*z - 24*z + 9*z + 11*z. Calculate n(h).
9
Let g(d) = -6*d**2 + 8*d + 4. Let w(y) = -7*y**2 + 9*y + 5. Let r(t) = -6*g(t) + 5*w(t). Let q be r(2). Let k(u) = -7*u**2 + u. Give k(q).
-8
Let g be -1*4/8*-4. Let u(a) = -2*a**2 - 4*a + 5. Determine u(g).
-11
Let k = 1 - -2. Let r(w) be the first derivative of 15*w**2 - 42*w - 4. Let z(o) = 3*o - 4. Let p(j) = -2*r(j) + 21*z(j). What is p(k)?
9
Let z(m) be the second derivative of -m**4/12 - 11*m**3/6 - 5*m**2/2 + 84*m. What is z(-10)?
5
Let t(g) be the second derivative of -7*g**3/6 - 9*g**2 + 290*g. Determine t(-4).
10
Let z(q) = q - 7. Suppose -25 = -4*n + 15. Let c(l) = n - 2*l + 4*l - 9 + 6*l**2. Let h be c(-1). What is z(h)?
-2
Let p(k) = k - 1025 + k + 1027. Let m(y) = -y - 2. Let z(n) = -3*m(n) - 2*p(n). What is z(-5)?
7
Let b(s) = 5*s**2 + 2*s - 4. Let y(g) = -g**2 + 2. Let j(m) = -b(m) - 6*y(m). Determine j(4).
0
Let n(c) = -4*c**3 - c - 1. Let j be n(-1). Let l(v) = -71*v + j - 70*v + 140*v. Give l(3).
1
Let g(r) be the first derivative of -r**5/120 + 5*r**4/12 + 13*r**3/3 - 25. Let j(h) be the third derivative of g(h). Give j(6).
4
Let m(c) = 3*c**2 - c. Let w be ((-14)/(-1))/(-5 + 7). Suppose -60 = -w*b + 2*b. Let d = 11 - b. Give m(d).
4
Let w(s) = 658*s**3 + 6*s - 657*s**3 + 9 - 8*s**2 - 3. Determine w(8).
54
Let n be (-6)/8*-7*(-24)/(-42). Let y(d) be the first derivative of 10 - 5/2*d**2 - 2/3*d**n + 6*d. Give y(-5).
-19
Let w(h) = -3*h**2 + 1. Let d(l) = 19*l**2 - 5*l - 21. Let u(z) = d(z) + 6*w(z). Determine u(8).
9
Let h(u) = u**3 + 9*u**2 - 11*u - 14. Let a(g) = -6*g**2 + 26*g + 10. Let o be a(5). Calculate h(o).
-4
Let o(x) = x**3 + 5*x**2 + 2*x - 1. Let c be (12/3)/4*1. Suppose -1 - c = -u. Let j(s) = -2*s - 1. Let h be j(u). Determine o(h).
-11
Let n(z) be the third derivative of z**6/240 + 4*z**4/3 - 28*z**2. Let h(x) be the second derivative of n(x). Determine h(-4).
-12
Let c(q) = -11*q**3 + 23*q**2 - 109*q - 27. Let g(m) = -5*m**3 + 11*m**2 - 49*m - 12. Let w(l) = 4*c(l) - 9*g(l). Let y = 10 - 4. Give w(y).
-6
Let v(y) = y**3 - 29*y**2 + 11*y + 482. Let w be v(28). Let d = -3 + 6. Let x(p) = p + 3*p**d - 1 - 1 - 2*p**3 - 6*p**2. Determine x(w).
4
Let z(j) = 2*j - 5*j - j + 3*j. Let y be z(-3). Suppose -m + 3*p + 3 = 0, 3 = -3*m + y*p - 0. Let h(o) = 2*o**2 + o - 3. Give h(m).
12
Suppose x - 8 = -x. Let g(d) = -3 - x*d + 6 + 5*d. Calculate g(-4).
-1
Let g(f) = f**3 + 9*f**2 - 10*f - 4. Let m = 515 + -525. Calculate g(m).
-4
Let t be 104/(-8) + (10 - 1). Let s(o) = 2*o - o**3 + 5 + o**2 + 0*o**2 - 4*o**2. What is s(t)?
13
Let a(k) = -4*k. Let n(f) = 11*f + 1. Let b(g) = -8*a(g) - 3*n(g). Let t(j) = -1 - 1 + 0 - 3*j - 2*j**2 + j**2. Let l be t(-4). Give b(l).
3
Let h(x) = -11*x**2 + 5 + 9 + 6*x + 22*x**2. Let q(t) = -5*t**2 - 3*t - 7. Let y(b) = 4*h(b) + 9*q(b). Let s(i) = 1. Let r(m) = 4*s(m) + y(m). What is r(-3)?
-3
Let m(u) = 11*u**3 - 6*u**2 - 4*u - 8. Let l(f) = -13*f**3 + 7*f**2 + 5*f + 9. Let g(c) = 6*l(c) + 7*m(c). Calculate g(2).
-6
Let r(z) be the third derivative of z**5/60 + z**4/8 + z**3/6 + 4*z**2 + 1. Calculate r(-1).
-1
Let k(n) = 2423*n - 2432*n - 10 + n**2 + n**2. Give k(7).
25
Let m(o) = o**2 + 7*o - 7. Suppose -7*i + 4*i = -3*d + 3, 19 = 4*d + i. Suppose 0 = -h - 5*g - 31, 0 = h - d*g - 18 + 4. Calculate m(h).
-13
Let a(l) = -7*l**3 + 7*l**2 - 7*l - 10. Let k(s) = s**3 + 1. Let i(g) = -a(g) - 6*k(g). Suppose m - 3 = -z, 3*m + 5*z + 147 = 150. Give i(m).
10
Let w(q) = 2*q. Let t be w(5). Let a(d) = 11*d + 3 - 5 - t*d + 10. Calculate a(-7).
1
Let f be (-9)/(-12)*(0 + 1 + 3). Let h(c) be the second derivative of c**2 - 2*c - 1/12*c**4 + 0 + 1/6*c**3. What is h(f)?
-4
Let j(c) be the third derivative of c**4/24 - 2*c**3/3 + c**2. Let f be 1 + -1 + (-78)/13. Calculate j(f).
-10
Suppose 3*k - 7*k = -16. Let g(p) be the second derivative of p**3/6 + p**2 + p. What is g(k)?
6
Let x(k) = k**3 - k**2 - k - 5. Let j be 0/((8 - -3) + -12). What is x(j)?
-5
Let f(b) = b**3 + 7*b**2 + 8*b + 5. Let h(r) = -19*r + 127. Let c be h(7). Give f(c).
-7
Let i(v) = 15*v**2 + 33*v + 29. Let t(l) = 7*l**2 + 16*l + 14. Let m(y) = -6*i(y) + 13*t(y). What is m(-9)?
-1
Let r be 10120/(-828) - 2/(-9). Let m(v) = v**2 + 12*v + 5. Calculate m(r).
5
Let s(v) = -v**3 + 3*v**2 + 2*v + 2. Suppose 0 = -4*z + z + 30. Suppose z = i + 13. Let u be i*2*2/(-4). Determine s(u).
8
Suppose 0 = -5*c + 13 + 12. Let m be 39*6*((-10)/(-4) - 2). Let i(o) = -7 + m*o - 227*o + 114*o. What is i(c)?
13
Let v(o) = -o**2 + 9*o. Let r = -515 + 526. Determine v(r).
-22
Let h be 12/7*1*(-35)/(-10). Let k(a) = -a + 8. Let o be k(7). Let r(y) = -y**3 + y + 7*y**2 - 5*y - y + o. Give r(h).
7
Let b(z) = z**3 + 7*z**2 + 8*z + 10. Let h be b(-6). Let g(i) = 2*i**2 - i. Calculate g(h).
10
Suppose 3*c + 2*z + 2 - 9 = 0, -c - 5*z + 11 = 0. Let q(u) = -3*u + 5. Suppose 3 = 5*x + 28. Let o(t) = 4*t - 6. Let s(a) = x*q(a) - 4*o(a). Determine s(c).
-2
Let k(f) = f**2 + 6*f + 2*f + 7*f - 14*f + 7. Give k(0).
7
Let l(v) = -2*v + 5. Let h(i) = i + 14. Let q = 20 - 25. Let j be h(q). Suppose 3*y = -3*o - j, 0*o = -2*y + o - 9. Calculate l(y).
13
Let c(b) = 2*b**3 - 8*b**2 + 3*b + 4. Suppose 132*d - 130*d - 6 = 0. Calculate c(d).
-5
Let y(i) be the second derivative of 1/2*i**2 + 4*i + 1/3*i**3 + 0. Let q be -1*(-6)/9*-3. What is y(q)?
-3
Let z(g) = -g**3 + 7*g**2 - 8. Let d(h) = -h**3 + 16*h**2 - 17*h + 37. Let f be d(15). Give z(f).
-8
Let d(g) be the second derivative of g**3/2 + 2*g**2 - 402*g. Give d(7).
25
Let i(g) be the second derivative of -g**4/12 - 7*g**3/6 - g**2/2 + 3*g. Suppose 2 = 3*b + 2*p, -5*p = b - 14 - 4. Let f be 2 - (4 - 4/b). What is i(f)?
11
Let q(b) = -2*b**3 - 3*b**2 + 3*b + 1. Let n be q(-4). Let c(z) = -z - n + 69. Suppose -4*k - 20 = -l + 3*l, 2*l - 5 = k. What is c(l)?
0
Let y(p) = -4*p + 8. Suppose -39*i + 1 = -41*i - z, -2*i + 3*z + 3 = 0. Determine y(i).
8
Let i = -4 + 4. Suppose 5*s - 6*s + 5 = i. Suppose -y + 3 = -n, s*y + 2*n + n = 39. Let g(p) = p**3 - 6*p**2 - 3*p + 9. Determine g(y).
-9
Let x(w) = w**2 + 7*w - 13. Let i be x(-9). Suppose i*s - 14 = 4*z + 19, 4*z + 8 = 0. Suppose s = -2*j + 3*j. Let h(f) = 2*f - 5. Calcula